en 1543 is divided by 1522.
21
What is the remainder when 384 is divided by 61?
18
What is the remainder when 989 is divided by 16?
13
What is the remainder when 149 is divided by 13?
6
Calculate the remainder when 718 is divided by 9.
7
What is the remainder when 348 is divided by 50?
48
What is the remainder when 89 is divided by 17?
4
What is the remainder when 930 is divided by 104?
98
Calculate the remainder when 109 is divided by 10.
9
Calculate the remainder when 695 is divided by 91.
58
Calculate the remainder when 3105 is divided by 14.
11
What is the remainder when 115 is divided by 16?
3
What is the remainder when 3275 is divided by 78?
77
Calculate the remainder when 34 is divided by 9.
7
Calculate the remainder when 184 is divided by 69.
46
What is the remainder when 139 is divided by 17?
3
Calculate the remainder when 1880 is divided by 19.
18
Calculate the remainder when 467 is divided by 78.
77
Calculate the remainder when 427 is divided by 28.
7
What is the remainder when 1060 is divided by 525?
10
Calculate the remainder when 5856 is divided by 9.
6
What is the remainder when 175 is divided by 23?
14
What is the remainder when 218 is divided by 13?
10
What is the remainder when 245 is divided by 25?
20
Calculate the remainder when 115 is divided by 4.
3
Calculate the remainder when 24648 is divided by 10.
8
Calculate the remainder when 31 is divided by 26.
5
Calculate the remainder when 3725 is divided by 415.
405
What is the remainder when 1063 is divided by 263?
11
Calculate the remainder when 288 is divided by 146.
142
What is the remainder when 78 is divided by 32?
14
What is the remainder when 234 is divided by 181?
53
Calculate the remainder when 112 is divided by 37.
1
What is the remainder when 178 is divided by 120?
58
Calculate the remainder when 70 is divided by 16.
6
Calculate the remainder when 701 is divided by 16.
13
Calculate the remainder when 668 is divided by 48.
44
What is the remainder when 164 is divided by 22?
10
What is the remainder when 83 is divided by 31?
21
What is the remainder when 101 is divided by 38?
25
What is the remainder when 99 is divided by 31?
6
Calculate the remainder when 543 is divided by 41.
10
What is the remainder when 276 is divided by 7?
3
Calculate the remainder when 406 is divided by 59.
52
Calculate the remainder when 186 is divided by 46.
2
Calculate the remainder when 459 is divided by 112.
11
Calculate the remainder when 1959 is divided by 109.
106
What is the remainder when 459 is divided by 11?
8
Calculate the remainder when 6729 is divided by 36.
33
Calculate the remainder when 201 is divided by 43.
29
What is the remainder when 118 is divided by 41?
36
What is the remainder when 171 is divided by 2?
1
Calculate the remainder when 2140 is divided by 5.
0
What is the remainder when 132 is divided by 45?
42
What is the remainder when 222 is divided by 32?
30
Calculate the remainder when 60 is divided by 23.
14
What is the remainder when 54 is divided by 36?
18
Calculate the remainder when 3208 is divided by 22.
18
Calculate the remainder when 348 is divided by 91.
75
What is the remainder when 8188 is divided by 78?
76
What is the remainder when 140 is divided by 11?
8
What is the remainder when 344 is divided by 138?
68
What is the remainder when 618 is divided by 20?
18
Calculate the remainder when 28399 is divided by 8.
7
What is the remainder when 372 is divided by 39?
21
What is the remainder when 2412 is divided by 306?
270
Calculate the remainder when 447 is divided by 28.
27
What is the remainder when 185 is divided by 170?
15
What is the remainder when 230 is divided by 13?
9
Calculate the remainder when 7882 is divided by 96.
10
Calculate the remainder when 502 is divided by 80.
22
Calculate the remainder when 187 is divided by 27.
25
Calculate the remainder when 1557 is divided by 511.
24
Calculate the remainder when 3515 is divided by 125.
15
Calculate the remainder when 306 is divided by 44.
42
Calculate the remainder when 123 is divided by 7.
4
What is the remainder when 286 is divided by 97?
92
Calculate the remainder when 26 is divided by 17.
9
Calculate the remainder when 861 is divided by 54.
51
What is the remainder when 414 is divided by 11?
7
Calculate the remainder when 508 is divided by 19.
14
What is the remainder when 115 is divided by 30?
25
What is the remainder when 127 is divided by 25?
2
Calculate the remainder when 953 is divided by 950.
3
Calculate the remainder when 3822 is divided by 42.
0
What is the remainder when 66 is divided by 26?
14
What is the remainder when 4361 is divided by 97?
93
What is the remainder when 587 is divided by 45?
2
What is the remainder when 180 is divided by 26?
24
Calculate the remainder when 125 is divided by 16.
13
What is the remainder when 31 is divided by 28?
3
Calculate the remainder when 105 is divided by 46.
13
What is the remainder when 1000 is divided by 59?
56
Calculate the remainder when 573 is divided by 72.
69
What is the remainder when 796 is divided by 89?
84
Calculate the remainder when 241 is divided by 55.
21
Calculate the remainder when 417 is divided by 19.
18
Calculate the remainder when 119 is divided by 7.
0
What is the remainder when 286 is divided by 2?
0
What is the remainder when 206 is divided by 73?
60
Calculate the remainder when 1214 is divided by 21.
17
Calculate the remainder when 241 is divided by 37.
19
Calculate the remainder when 214 is divided by 26.
6
What is the remainder when 1098 is divided by 44?
42
What is the remainder when 1550 is divided by 6?
2
Calculate the remainder when 7269 is divided by 101.
98
What is the remainder when 474 is divided by 139?
57
Calculate the remainder when 678 is divided by 75.
3
Calculate the remainder when 17 is divided by 15.
2
What is the remainder when 349 is divided by 40?
29
What is the remainder when 355 is divided by 163?
29
Calculate the remainder when 899 is divided by 187.
151
Calculate the remainder when 3203 is divided by 92.
75
Calculate the remainder when 2572 is divided by 512.
12
What is the remainder when 468 is divided by 36?
0
What is the remainder when 52 is divided by 29?
23
What is the remainder when 790 is divided by 356?
78
Calculate the remainder when 713 is divided by 26.
11
What is the remainder when 187 is divided by 19?
16
Calculate the remainder when 1465 is divided by 107.
74
Calculate the remainder when 763 is divided by 20.
3
What is the remainder when 657 is divided by 11?
8
Calculate the remainder when 13523 is divided by 7.
6
Calculate the remainder when 279 is divided by 70.
69
What is the remainder when 362 is divided by 26?
24
Calculate the remainder when 41 is divided by 9.
5
Calculate the remainder when 458 is divided by 155.
148
What is the remainder when 156 is divided by 36?
12
Calculate the remainder when 146 is divided by 43.
17
What is the remainder when 58 is divided by 6?
4
What is the remainder when 325 is divided by 30?
25
What is the remainder when 302 is divided by 25?
2
Calculate the remainder when 2884 is divided by 53.
22
What is the remainder when 779 is divided by 65?
64
Calculate the remainder when 139 is divided by 61.
17
Calculate the remainder when 306 is divided by 116.
74
What is the remainder when 67 is divided by 36?
31
What is the remainder when 151 is divided by 72?
7
Calculate the remainder when 1669 is divided by 38.
35
Calculate the remainder when 1350 is divided by 11.
8
Calculate the remainder when 61 is divided by 39.
22
What is the remainder when 189 is divided by 19?
18
Calculate the remainder when 4139 is divided by 30.
29
Calculate the remainder when 96 is divided by 33.
30
What is the remainder when 532 is divided by 174?
10
What is the remainder when 491 is divided by 160?
11
What is the remainder when 394 is divided by 191?
12
What is the remainder when 1326 is divided by 19?
15
Calculate the remainder when 257 is divided by 26.
23
Calculate the remainder when 242 is divided by 44.
22
What is the remainder when 528 is divided by 172?
12
What is the remainder when 139 is divided by 52?
35
What is the remainder when 14534 is divided by 171?
170
Calculate the remainder when 712 is divided by 83.
48
What is the remainder when 83 is divided by 6?
5
What is